{"id":4690,"date":"2023-05-02T14:53:14","date_gmt":"2023-05-02T12:53:14","guid":{"rendered":"https:\/\/kultur-manga.fr\/?page_id=4690"},"modified":"2023-05-02T15:09:46","modified_gmt":"2023-05-02T13:09:46","slug":"politique-de-confidentialite-2","status":"publish","type":"page","link":"https:\/\/kultur-manga.fr\/?page_id=4690","title":{"rendered":"\u00a0Politique de Confidentialit\u00e9"},"content":{"rendered":"\n<h4 class=\"wp-block-heading\">ARTICLE 1 : PR\u00c9AMBULE<\/h4>\n\n\n\n<p>Cette politique de confidentialit\u00e9 s\u2019applique au site : \u00a0<a rel=\"noreferrer noopener\" href=\"https:\/\/www.kultur-manga.fr\/\" target=\"_blank\"><strong>https:\/\/www.kultur-manga.fr\/<\/strong><\/a><\/p>\n\n\n\n<p>La pr\u00e9sente politique de confidentialit\u00e9 a pour but d\u2019exposer aux utilisateurs du site :<\/p>\n\n\n\n<ul class=\"wp-block-list\">\n<li>La mani\u00e8re dont sont collect\u00e9es et trait\u00e9es leurs donn\u00e9es \u00e0 caract\u00e8re personnel. Doivent \u00eatre consid\u00e9r\u00e9es comme donn\u00e9es personnelles toutes les donn\u00e9es \u00e9tant susceptibles d\u2019identifier un utilisateur. Il s\u2019agit notamment du pr\u00e9nom et du nom, de l\u2019\u00e2ge, de l\u2019adresse postale, l\u2019adresse mail, la localisation de l\u2019utilisateur ou encore son adresse IP ;<\/li>\n\n\n\n<li>Quels sont les droits des utilisateurs concernant ces donn\u00e9es ;<\/li>\n\n\n\n<li>Qui est responsable du traitement des donn\u00e9es \u00e0 caract\u00e8re personnel collect\u00e9es et trait\u00e9es ;<\/li>\n\n\n\n<li>A qui ces donn\u00e9es sont transmises ;<\/li>\n\n\n\n<li>Eventuellement, la politique du site en mati\u00e8re de fichiers \u00ab&nbsp;cookies&nbsp;\u00bb.<\/li>\n<\/ul>\n\n\n\n<p>Cette politique de confidentialit\u00e9 compl\u00e8te les&nbsp;Mentions L\u00e9gales&nbsp;et les&nbsp;Conditions G\u00e9n\u00e9rales d\u2019Utilisation&nbsp;que les utilisateurs peuvent consulter en suivant les liens.<\/p>\n\n\n\n<h4 class=\"wp-block-heading\">ARTICLE 2 : PRINCIPES G\u00c9N\u00c9RAUX EN MATI\u00c8RE DE COLLECTE ET DE TRAITEMENT DE DONN\u00c9ES<\/h4>\n\n\n\n<p>Conform\u00e9ment aux dispositions de l\u2019article 5 du R\u00e8glement europ\u00e9en 2016\/679, la collecte et le traitement des donn\u00e9es des utilisateurs du site respectent les principes suivants :<\/p>\n\n\n\n<ul class=\"wp-block-list\">\n<li>Lic\u00e9it\u00e9, loyaut\u00e9 et transparence : les donn\u00e9es ne peuvent \u00eatre collect\u00e9es et trait\u00e9es qu\u2019avec le consentement de l\u2019utilisateur propri\u00e9taire des donn\u00e9es. A chaque fois que des donn\u00e9es \u00e0 caract\u00e8re personnel seront collect\u00e9es, il sera indiqu\u00e9 \u00e0 l\u2019utilisateur que ses donn\u00e9es sont collect\u00e9es, et pour quelles raisons ses donn\u00e9es sont collect\u00e9es ;<\/li>\n\n\n\n<li>Finalit\u00e9s limit\u00e9es : la collecte et le traitement des donn\u00e9es sont ex\u00e9cut\u00e9s pour r\u00e9pondre \u00e0 un ou plusieurs objectifs d\u00e9termin\u00e9s dans les pr\u00e9sentes conditions g\u00e9n\u00e9rales d\u2019utilisation ;<\/li>\n\n\n\n<li>Minimisation de la collecte et du traitement des donn\u00e9es : seules les donn\u00e9es n\u00e9cessaires \u00e0 la bonne ex\u00e9cution des objectifs poursuivis par le site sont collect\u00e9es ;<\/li>\n\n\n\n<li>Conservation des donn\u00e9es r\u00e9duites dans le temps : les donn\u00e9es sont conserv\u00e9es pour une dur\u00e9e limit\u00e9e, dont l\u2019utilisateur est inform\u00e9. Si la dur\u00e9e de conservation ne peut \u00eatre communiqu\u00e9e \u00e0 l\u2019utilisateur ;<\/li>\n\n\n\n<li>Int\u00e9grit\u00e9 et confidentialit\u00e9 des donn\u00e9es collect\u00e9es et trait\u00e9es : le responsable du traitement des donn\u00e9es s\u2019engage \u00e0 garantir l\u2019int\u00e9grit\u00e9 et la confidentialit\u00e9 des donn\u00e9es collect\u00e9es.<\/li>\n<\/ul>\n\n\n\n<p>Afin d\u2019\u00eatre licites, et ce conform\u00e9ment aux exigences de l\u2019article 6 du r\u00e8glement europ\u00e9en 2016\/679, la collecte et le traitement des donn\u00e9es \u00e0 caract\u00e8re personnel ne pourront intervenir que s\u2019ils respectent au moins l\u2019une des conditions ci-apr\u00e8s \u00e9num\u00e9r\u00e9es :<\/p>\n\n\n\n<ul class=\"wp-block-list\">\n<li>L\u2019utilisateur a express\u00e9ment consenti au traitement ;<\/li>\n\n\n\n<li>Le traitement est n\u00e9cessaire \u00e0 la bonne ex\u00e9cution d\u2019un contrat ;<\/li>\n\n\n\n<li>Le traitement r\u00e9pond \u00e0 une obligation l\u00e9gale ;<\/li>\n\n\n\n<li>Le traitement s\u2019explique par une n\u00e9cessit\u00e9 li\u00e9e \u00e0 la sauvegarde des int\u00e9r\u00eats vitaux de la personne concern\u00e9e ou d\u2019une autre personne physique ;<\/li>\n\n\n\n<li>Le traitement peut s\u2019expliquer par une n\u00e9cessit\u00e9 li\u00e9e \u00e0 l\u2019ex\u00e9cution d\u2019une mission d\u2019int\u00e9r\u00eat public ou qui rel\u00e8ve de l\u2019exercice de l\u2019autorit\u00e9 publique ;<\/li>\n\n\n\n<li>Le traitement et la collecte des donn\u00e9es \u00e0 caract\u00e8re personnel sont n\u00e9cessaires aux fins des int\u00e9r\u00eats l\u00e9gitimes et priv\u00e9s poursuivis par le responsable du traitement ou par un tiers.<\/li>\n<\/ul>\n\n\n\n<h4 class=\"wp-block-heading\">ARTICLE 3 : DONN\u00c9ES \u00c0 CARACT\u00c8RE PERSONNEL COLLECT\u00c9ES ET TRAIT\u00c9ES DANS LE CADRE DE LA NAVIGATION SUR LE SITE<\/h4>\n\n\n\n<h5 class=\"wp-block-heading\">A. DONN\u00c9ES COLLECT\u00c9ES ET TRAIT\u00c9ES ET MODE DE COLLECTE<\/h5>\n\n\n\n<p>Les donn\u00e9es \u00e0 caract\u00e8re personnel collect\u00e9es sur le site\u00a0<a rel=\"noreferrer noopener\" href=\"https:\/\/www.kultur-manga.fr\/\" target=\"_blank\"><strong>https:\/\/www.kultur-manga.fr\/<\/strong><\/a>\u00a0sont les suivantes :<\/p>\n\n\n\n<p>D\u00e9nomination de l\u2019entreprise, nom, adresse e-mail, num\u00e9ro de t\u00e9l\u00e9phone.<\/p>\n\n\n\n<p>Ces donn\u00e9es sont collect\u00e9es lorsque l\u2019utilisateur effectue l\u2019une des op\u00e9rations suivantes sur le site :<\/p>\n\n\n\n<p>Lorsque l\u2019utilisateur prend contact avec le service communication par mail.<\/p>\n\n\n\n<p>Le responsable du traitement conservera dans ses syst\u00e8mes informatiques du site et dans des conditions raisonnables de s\u00e9curit\u00e9 l\u2019ensemble des donn\u00e9es collect\u00e9es pour une dur\u00e9e de : 3 ans.<\/p>\n\n\n\n<p>La collecte et le traitement des donn\u00e9es r\u00e9pondent aux finalit\u00e9s suivantes :<\/p>\n\n\n\n<p>Permettre \u00e0 au service communication\u00a0de r\u00e9pondre aux sollicitations des internautes.<\/p>\n\n\n\n<h5 class=\"wp-block-heading\">B. TRANSMISSION DES DONN\u00c9ES A DES TIERS<\/h5>\n\n\n\n<p>Les donn\u00e9es peuvent \u00eatre transmises au(x) tiers ci-apr\u00e8s \u00e9num\u00e9r\u00e9(s) :<\/p>\n\n\n\n<p>Les donn\u00e9es ne sont transmises \u00e0 aucun tiers<\/p>\n\n\n\n<h5 class=\"wp-block-heading\">C.&nbsp;H\u00c9BERGEMENT DES DONN\u00c9ES<\/h5>\n\n\n\n<p>OVH SAS \u2013 2 rue Kellermann \u2013 BP 80157 \u2013 59053 Roubaix<\/p>\n\n\n\n<p>Les donn\u00e9es collect\u00e9es et trait\u00e9es par le site sont exclusivement h\u00e9berg\u00e9es et trait\u00e9es en France.<\/p>\n\n\n\n<h4 class=\"wp-block-heading\">ARTICLE 4 : RESPONSABLE DU TRAITEMENT DES DONN\u00c9ES ET D\u00c9L\u00c9GU\u00c9 \u00c0 LA PROTECTION DES DONN\u00c9ES<\/h4>\n\n\n\n<h5 class=\"wp-block-heading\">A. LE RESPONSABLE DU TRAITEMENT DES DONN\u00c9ES<\/h5>\n\n\n\n<p>Le responsable du traitement des donn\u00e9es \u00e0 caract\u00e8re personnel peut \u00eatre contact\u00e9 de la mani\u00e8re suivante :<\/p>\n\n\n\n<ul class=\"wp-block-list\">\n<li>Via l&rsquo;adresse email <a rel=\"noreferrer noopener\" href=\"mailto:communication@ville-dreux.fr\" target=\"_blank\">communication@ville-dreux.fr<\/a><\/li>\n\n\n\n<li>Par courrier sign\u00e9 accompagn\u00e9 de la copie d\u2019un titre d\u2019identit\u00e9\u00a0\u00e0 l\u2019adresse postale suivante\u00a0:<br>Mairie de Dreux 2, rue de Ch\u00e2teaudun \u2013 Boite postale 80 129 \u2013 28103 DREUX CEDEX.\u00a0<br><\/li>\n<\/ul>\n\n\n\n<p>Le responsable du traitement des donn\u00e9es est charg\u00e9 de d\u00e9terminer les finalit\u00e9s et les moyens mis au service du traitement des donn\u00e9es \u00e0 caract\u00e8re personnel<\/p>\n\n\n\n<h5 class=\"wp-block-heading\">B. OBLIGATIONS DU RESPONSABLE DU TRAITEMENT DES DONN\u00c9ES<\/h5>\n\n\n\n<p>Le responsable du traitement s\u2019engage \u00e0 prot\u00e9ger les donn\u00e9es \u00e0 caract\u00e8re personnel collect\u00e9es, \u00e0 ne pas les transmettre \u00e0 des tiers sans que l\u2019utilisateur n\u2019en ait \u00e9t\u00e9 inform\u00e9 et \u00e0 respecter les finalit\u00e9s pour lesquelles ces donn\u00e9es ont \u00e9t\u00e9 collect\u00e9es.<\/p>\n\n\n\n<p>Le site dispose d\u2019un certificat SSL afin de garantir que les informations et le transfert des donn\u00e9es transitant par le site sont s\u00e9curis\u00e9s.<\/p>\n\n\n\n<p>Un certificat SSL (\u00ab&nbsp;Secure Socket Layer&nbsp;\u00bb Certificate) a pour but de s\u00e9curiser les donn\u00e9es \u00e9chang\u00e9es entre l\u2019utilisateur et le site.<\/p>\n\n\n\n<p>De plus, le responsable du traitement des donn\u00e9es s\u2019engage \u00e0 notifier l\u2019utilisateur en cas de rectification ou de suppression des donn\u00e9es, \u00e0 moins que cela n\u2019entra\u00eene pour lui des formalit\u00e9s, co\u00fbts et d\u00e9marches disproportionn\u00e9s.<\/p>\n\n\n\n<p>Dans le cas o\u00f9 l\u2019int\u00e9grit\u00e9, la confidentialit\u00e9 ou la s\u00e9curit\u00e9 des donn\u00e9es \u00e0 caract\u00e8re personnel de l\u2019utilisateur est compromise, le responsable du traitement s\u2019engage \u00e0 informer l\u2019utilisateur par tout moyen<\/p>\n\n\n\n<h5 class=\"wp-block-heading\">C. LE D\u00c9L\u00c9GU\u00c9 \u00c0 LA PROTECTION DES DONN\u00c9ES<\/h5>\n\n\n\n<p>Le r\u00f4le du D\u00e9l\u00e9gu\u00e9 \u00e0 la Protection des Donn\u00e9es et de s\u2019assurer la bonne mise en oeuvre des dispositions nationales et supranationales relatives \u00e0 la collecte et au traitement des donn\u00e9es \u00e0 caract\u00e8re personnel. Il est parfois appel\u00e9 DPO (pour Data Protection Officer).<\/p>\n\n\n\n<p>Le d\u00e9l\u00e9gu\u00e9 \u00e0 la protection des donn\u00e9es peut \u00eatre joint de la mani\u00e8re suivante :<\/p>\n\n\n\n<ul class=\"wp-block-list\">\n<li>Via l&rsquo;adresse email <a rel=\"noreferrer noopener\" href=\"mailto:communication@ville-dreux.fr\" target=\"_blank\">communication@ville-dreux.fr<\/a><\/li>\n\n\n\n<li>Par courrier sign\u00e9 accompagn\u00e9 de la copie d\u2019un titre d\u2019identit\u00e9\u00a0\u00e0 l\u2019adresse postale suivante\u00a0:<br>Mairie de Dreux 2, rue de Ch\u00e2teaudun \u2013 Boite postale 80 129 \u2013 28103 DREUX CEDEX.\u00a0<br><\/li>\n<\/ul>\n\n\n\n<h4 class=\"wp-block-heading\">ARTICLE 5 : DROITS DE L\u2019UTILISATEUR<\/h4>\n\n\n\n<p>Conform\u00e9ment \u00e0 la r\u00e9glementation concernant le traitement des donn\u00e9es \u00e0 caract\u00e8re personnel, l\u2019utilisateur poss\u00e8de les droits ci-apr\u00e8s \u00e9num\u00e9r\u00e9s.<\/p>\n\n\n\n<p>Afin que le responsable du traitement des donn\u00e9es fasse droit \u00e0 sa demande, l\u2019utilisateur est tenu de lui communiquer : ses pr\u00e9nom et nom ainsi que son adresse e-mail, et si cela est pertinent, son num\u00e9ro de compte ou d\u2019espace personnel ou d\u2019abonn\u00e9.<\/p>\n\n\n\n<p>Le responsable du traitement des donn\u00e9es est tenu de r\u00e9pondre \u00e0 l\u2019utilisateur dans un d\u00e9lai de 30 (trente) jours maximum<\/p>\n\n\n\n<h5 class=\"wp-block-heading\">A.&nbsp;PR\u00c9SENTATION DES DROITS DE L\u2019UTILISATEUR EN MATI\u00c8RE DE COLLECTE ET TRAITEMENT DE DONN\u00c9E<\/h5>\n\n\n\n<p>1. Droit d\u2019acc\u00e8s, de rectification et droit \u00e0 l\u2019effacement<\/p>\n\n\n\n<p>L\u2019utilisateur peut prendre connaissance, mettre \u00e0 jour, modifier ou demander la suppression des donn\u00e9es le concernant, en respectant la proc\u00e9dure ci-apr\u00e8s \u00e9nonc\u00e9e :<\/p>\n\n\n\n<p>Compl\u00e9ter et envoyer le formulaire \u00e9lectronique en bas de cette page en sp\u00e9cifiant bien la demande.<\/p>\n\n\n\n<p>S\u2019il en poss\u00e8de un, l\u2019utilisateur a le droit de demander la suppression de son espace personnel en suivant la proc\u00e9dure suivante :<\/p>\n\n\n\n<p>Compl\u00e9ter et envoyer le formulaire \u00e9lectronique en bas de cette page en sp\u00e9cifiant bien la demande.<\/p>\n\n\n\n<p>2. Droit \u00e0 la portabilit\u00e9 des donn\u00e9es<\/p>\n\n\n\n<p>L\u2019utilisateur a le droit de demander la portabilit\u00e9 de ses donn\u00e9es personnelles, d\u00e9tenues par le site, vers un autre site, en se conformant \u00e0 la proc\u00e9dure ci-apr\u00e8s :<\/p>\n\n\n\n<p>Compl\u00e9ter et envoyer le formulaire \u00e9lectronique en bas de cette page en sp\u00e9cifiant bien la demande.<\/p>\n\n\n\n<p>3. Droit \u00e0 la limitation et \u00e0 l\u2019opposition du traitement des donn\u00e9es<\/p>\n\n\n\n<p>L\u2019utilisateur a le droit de demander la limitation ou de s\u2019opposer au traitement de ses donn\u00e9es par le site, sans que le site ne puisse refuser, sauf \u00e0 d\u00e9montrer l\u2019existence de motifs l\u00e9gitimes et imp\u00e9rieux, pouvant pr\u00e9valoir sur les int\u00e9r\u00eats et les droits et libert\u00e9s de l\u2019utilisateur.<\/p>\n\n\n\n<p>Afin de demander la limitation du traitement de ses donn\u00e9es ou de formuler une opposition au traitement de ses donn\u00e9es, l\u2019utilisateur doit suivre la proc\u00e9dure suivante :<\/p>\n\n\n\n<p>Compl\u00e9ter et envoyer le formulaire \u00e9lectronique en bas de cette page en sp\u00e9cifiant bien la demande.<\/p>\n\n\n\n<p>4. Droit de ne pas faire l\u2019objet d\u2019une d\u00e9cision fond\u00e9e exclusivement sur un proc\u00e9d\u00e9 automatis\u00e9<\/p>\n\n\n\n<p>Conform\u00e9ment aux dispositions du r\u00e8glement 2016\/679, l\u2019utilisateur a le droit de ne pas faire l\u2019objet d\u2019une d\u00e9cision fond\u00e9e exclusivement sur un proc\u00e9d\u00e9 automatis\u00e9 si la d\u00e9cision produit des effets juridiques le concernant, ou l\u2019affecte de mani\u00e8re significative de fa\u00e7on similaire.<\/p>\n\n\n\n<p>5. Droit de d\u00e9terminer le sort des donn\u00e9es apr\u00e8s la mort<\/p>\n\n\n\n<p>Il est rappel\u00e9 \u00e0 l\u2019utilisateur qu\u2019il peut organiser quel doit \u00eatre le devenir de ses donn\u00e9es collect\u00e9es et trait\u00e9es s\u2019il d\u00e9c\u00e8de, conform\u00e9ment \u00e0 la loi n\u00b02016-1321 du 7 octobre 2016.<\/p>\n\n\n\n<p>6. Droit de saisir l\u2019autorit\u00e9 de contr\u00f4le comp\u00e9tente<\/p>\n\n\n\n<p>Dans le cas o\u00f9 le responsable du traitement des donn\u00e9es d\u00e9cide de ne pas r\u00e9pondre \u00e0 la demande de l\u2019utilisateur, et que l\u2019utilisateur souhaite contester cette d\u00e9cision, ou, s\u2019il pense qu\u2019il est port\u00e9 atteinte \u00e0 l\u2019un des droits \u00e9num\u00e9r\u00e9s ci-dessus, il est en droit de saisir la CNIL (Commission Nationale de l\u2019Informatique et des Libert\u00e9s, https:\/\/www.cnil.fr) ou tout juge comp\u00e9tent.<\/p>\n\n\n\n<h4 class=\"wp-block-heading\">ARTICLE 6 : UTILISATION DES FICHIERS \u00ab&nbsp;COOKIES&nbsp;\u00bb<\/h4>\n\n\n\n<p>Le site a \u00e9ventuellement recours aux techniques de \u00ab&nbsp;cookies&nbsp;\u00bb.<\/p>\n\n\n\n<p>Un \u00ab&nbsp;cookie&nbsp;\u00bb est un fichier de petite taille (moins de 4 ko), stock\u00e9 par le site sur le disque dur de l\u2019utilisateur, contenant des informations relatives aux habitudes de navigation de l\u2019utilisateur.<\/p>\n\n\n\n<p>Ces fichiers lui permettent de traiter des statistiques et des informations sur le trafic, de faciliter la navigation et d\u2019am\u00e9liorer le service pour le confort de l\u2019utilisateur.<\/p>\n\n\n\n<p>Pour l\u2019utilisation de fichiers \u00ab&nbsp;cookies&nbsp;\u00bb impliquant la sauvegarde et l\u2019analyse de donn\u00e9es \u00e0 caract\u00e8re personnel, le consentement de l\u2019utilisateur est n\u00e9cessairement demand\u00e9.<\/p>\n\n\n\n<p>Ce consentement de l\u2019utilisateur est consid\u00e9r\u00e9 comme valide pour une dur\u00e9e de 13 (treize) mois maximum. A l\u2019issue de cette p\u00e9riode, le site demandera \u00e0 nouveau l\u2019autorisation de l\u2019utilisateur pour enregistrer des fichiers \u00ab&nbsp;cookies&nbsp;\u00bb sur son disque dur.<\/p>\n\n\n\n<p>A. Opposition de l\u2019utilisateur \u00e0 l\u2019utilisation de fichiers \u00ab&nbsp;cookies&nbsp;\u00bb par le site<\/p>\n\n\n\n<p>Il est port\u00e9 \u00e0 la connaissance de l\u2019utilisateur qu\u2019il peut s\u2019opposer \u00e0 l\u2019enregistrement de ces fichiers \u00ab&nbsp;cookies&nbsp;\u00bb en configurant son logiciel de navigation.<\/p>\n\n\n\n<p>Pour information, l\u2019utilisateur peut trouver aux adresses suivantes les d\u00e9marches \u00e0 suivre afin de configurer son logiciel de navigation pour s\u2019opposer \u00e0 l\u2019enregistrement des fichiers \u00ab&nbsp;cookies&nbsp;\u00bb :<\/p>\n\n\n\n<ul class=\"wp-block-list\">\n<li>Chrome&nbsp;:&nbsp;<a href=\"https:\/\/support.google.com\/accounts\/answer\/61416?hl=fr\" target=\"_blank\" rel=\"noreferrer noopener\">https:\/\/support.google.com\/accounts\/answer\/61416?hl=fr<\/a><\/li>\n\n\n\n<li>Firefox&nbsp;:&nbsp;<a href=\"https:\/\/support.mozilla.org\/fr\/kb\/enable-and-disable-cookies-website-preferences\" target=\"_blank\" rel=\"noreferrer noopener\">https:\/\/support.mozilla.org\/fr\/kb\/enable-and-disable-cookies-website-preferences<\/a><\/li>\n\n\n\n<li>Safari&nbsp;:&nbsp;<a href=\"http:\/\/www.apple.com\/legal\/privacy\/fr-ww\/\" target=\"_blank\" rel=\"noreferrer noopener\">http:\/\/www.apple.com\/legal\/privacy\/fr-ww\/<\/a><\/li>\n\n\n\n<li>Internet Explorer&nbsp;:&nbsp;<a href=\"https:\/\/support.microsoft.com\/fr-fr\/help\/17442\/windows-internet-explorer-delete-manage-cookies\" target=\"_blank\" rel=\"noreferrer noopener\">https:\/\/support.microsoft.com\/fr-fr\/help\/17442\/windows-internet-explorer-delete-manage-cookies<\/a><\/li>\n\n\n\n<li>Opera&nbsp;:&nbsp;<a href=\"http:\/\/www.opera.com\/help\/tutorials\/security\/cookies\/\" target=\"_blank\" rel=\"noreferrer noopener\">http:\/\/www.opera.com\/help\/tutorials\/security\/cookies\/<\/a><\/li>\n<\/ul>\n\n\n\n<p>Dans le cas o\u00f9 l\u2019utilisateur d\u00e9cide de d\u00e9sactiver les fichiers \u00ab&nbsp;cookies&nbsp;\u00bb, il pourra poursuivre sa navigation sur le site. Toutefois, tout dysfonctionnement du site provoqu\u00e9 par cette manipulation ne pourrait \u00eatre consid\u00e9r\u00e9 comme \u00e9tant du fait de l\u2019\u00e9diteur du site.<\/p>\n\n\n\n<p>B. Description des fichiers \u00ab&nbsp;cookies&nbsp;\u00bb utilis\u00e9s par le site<\/p>\n\n\n\n<p>L\u2019\u00e9diteur du site attire l\u2019attention de l\u2019utilisateur sur le fait que les cookies suivants sont utilis\u00e9s lors de sa navigation :<br>Cookies relatifs \u00e0 la navigation et la mesure d\u2019audience.<\/p>\n\n\n\n<p>En naviguant sur le site, il est port\u00e9 \u00e0 connaissance de l\u2019utilisateur que des fichiers \u00ab&nbsp;cookies&nbsp;\u00bb de tiers peuvent \u00eatre enregistr\u00e9s.<\/p>\n\n\n\n<p>Il s\u2019agit plus particuli\u00e8rement des tiers suivants :<\/p>\n\n\n\n<p>Aucun tiers.<\/p>\n\n\n\n<p>De plus, le site int\u00e8gre des boutons de r\u00e9seaux sociaux, permettant \u00e0 l\u2019utilisateur de partager son activit\u00e9 sur le site. Des fichiers \u00ab&nbsp;cookies&nbsp;\u00bb de ces r\u00e9seaux sociaux sont par cons\u00e9quent susceptibles d\u2019\u00eatre stock\u00e9s sur l\u2019ordinateur de l\u2019utilisateur lorsqu\u2019il utilise ces fonctionnalit\u00e9s.<\/p>\n\n\n\n<p>L\u2019attention de l\u2019utilisateur est port\u00e9e sur le fait que ces sites disposent de politiques de confidentialit\u00e9 propres et de conditions g\u00e9n\u00e9rales d\u2019utilisation possiblement diff\u00e9rentes du site. L\u2019\u00e9diteur du site invite les utilisateurs \u00e0 consulter les politiques de confidentialit\u00e9 et les conditions g\u00e9n\u00e9rales d\u2019utilisation de ces sites.<\/p>\n\n\n\n<h4 class=\"wp-block-heading\">ARTICLE 7 : CONDITIONS DE MODIFICATION DE LA POLITIQUE DE CONFIDENTIALIT\u00c9<\/h4>\n\n\n\n<p>La pr\u00e9sente politique de confidentialit\u00e9 peut \u00eatre consult\u00e9e \u00e0 tout moment sur cette page.<\/p>\n\n\n\n<p>L\u2019\u00e9diteur du site se r\u00e9serve le droit de la modifier afin de garantir sa conformit\u00e9 avec le droit en vigueur.<\/p>\n\n\n\n<p>Par cons\u00e9quent, l\u2019utilisateur est invit\u00e9 \u00e0 venir consulter r\u00e9guli\u00e8rement cette politique de confidentialit\u00e9 afin de se tenir inform\u00e9 des derniers changements qui lui seront apport\u00e9s.<\/p>\n\n\n\n<p>Toutefois, en cas de modification substantielle de cette politique, l\u2019utilisateur en sera inform\u00e9 de la mani\u00e8re suivante :<\/p>\n\n\n\n<p>Par e-mail et article sur le site\u00a0<a rel=\"noreferrer noopener\" href=\"https:\/\/www.kultur-manga.fr\/\" target=\"_blank\"><strong>https:\/\/www.kultur-manga.fr\/<\/strong><\/a><\/p>\n\n\n\n<p>Il est port\u00e9 \u00e0 la connaissance de l\u2019utilisateur que la derni\u00e8re mise \u00e0 jour de la pr\u00e9sente politique de confidentialit\u00e9 est intervenue le : 02 \/ 05 \/ 2023.<\/p>\n\n\n\n<h4 class=\"wp-block-heading\">ARTICLE 9 : ACCEPTATION PAR L\u2019UTILISATEUR DE LA POLITIQUE DE CONFIDENTIALIT\u00c9<\/h4>\n\n\n\n<p>En naviguant sur le site, l\u2019utilisateur atteste avoir lu et compris la pr\u00e9sente politique de confidentialit\u00e9 et en accepte les conditions, en ce qui concerne plus particuli\u00e8rement la collecte et le traitement de ses donn\u00e9es \u00e0 caract\u00e8re personnel, ainsi que l\u2019utilisation de fichiers \u00ab&nbsp;cookies&nbsp;\u00bb.<\/p>\n","protected":false},"excerpt":{"rendered":"<p>ARTICLE 1 : PR\u00c9AMBULE Cette politique de confidentialit\u00e9 s\u2019applique au site : \u00a0https:\/\/www.kultur-manga.fr\/ La pr\u00e9sente politique de confidentialit\u00e9 a pour but d\u2019exposer aux utilisateurs du site : Cette politique de<\/p>\n","protected":false},"author":1,"featured_media":0,"parent":0,"menu_order":0,"comment_status":"closed","ping_status":"closed","template":"","meta":{"inline_featured_image":false,"footnotes":""},"class_list":["post-4690","page","type-page","status-publish","hentry"],"_links":{"self":[{"href":"https:\/\/kultur-manga.fr\/index.php?rest_route=\/wp\/v2\/pages\/4690","targetHints":{"allow":["GET"]}}],"collection":[{"href":"https:\/\/kultur-manga.fr\/index.php?rest_route=\/wp\/v2\/pages"}],"about":[{"href":"https:\/\/kultur-manga.fr\/index.php?rest_route=\/wp\/v2\/types\/page"}],"author":[{"embeddable":true,"href":"https:\/\/kultur-manga.fr\/index.php?rest_route=\/wp\/v2\/users\/1"}],"replies":[{"embeddable":true,"href":"https:\/\/kultur-manga.fr\/index.php?rest_route=%2Fwp%2Fv2%2Fcomments&post=4690"}],"version-history":[{"count":4,"href":"https:\/\/kultur-manga.fr\/index.php?rest_route=\/wp\/v2\/pages\/4690\/revisions"}],"predecessor-version":[{"id":4700,"href":"https:\/\/kultur-manga.fr\/index.php?rest_route=\/wp\/v2\/pages\/4690\/revisions\/4700"}],"wp:attachment":[{"href":"https:\/\/kultur-manga.fr\/index.php?rest_route=%2Fwp%2Fv2%2Fmedia&parent=4690"}],"curies":[{"name":"wp","href":"https:\/\/api.w.org\/{rel}","templated":true}]}}